{"id":33,"date":"2026-01-19T11:09:49","date_gmt":"2026-01-19T11:09:49","guid":{"rendered":"https:\/\/rn-immobilien.eu\/?page_id=33"},"modified":"2026-01-20T14:54:55","modified_gmt":"2026-01-20T14:54:55","slug":"kontakt","status":"publish","type":"page","link":"https:\/\/rn-immobilien.eu\/?page_id=33","title":{"rendered":"Kontakt"},"content":{"rendered":"<div class=\"\" style=\"\" >\n    \n    <section class=\"skrollable u-clearfix u-image u-parallax u-section-2\" id=\"sec-4306\" style=\"background-image: url(&quot;https:\/\/rn-immobilien.eu\/wp-content\/uploads\/2026\/01\/42227308e9575561d8873d15c36cd95b-1.png&quot;);\">\n      <div class=\"u-clearfix u-sheet u-sheet-1\">\n        <h1 class=\"u-heading-font u-text u-text-body-alt-color u-text-1\">Kontakt<\/h1>\n        <p class=\"u-align-center-xs u-align-left-md u-align-left-sm u-align-right-lg u-align-right-xl u-text u-text-body-alt-color u-text-font u-text-2\">Hier k\u00f6nnen Sie mit uns Kontakt aufnehmen<\/p>\n        <a href=\"#anfahrt\" class=\"u-border-2 u-border-white u-btn u-button-style u-btn-1\"> &nbsp;Anfahrt&nbsp;<span class=\"u-icon\"><svg class=\"u-svg-content\" viewBox=\"0 0 512.002 512.002\" x=\"0px\" y=\"0px\" style=\"width: 1em; height: 1em;\"><g><g><path d=\"M388.425,241.951L151.609,5.79c-7.759-7.733-20.321-7.72-28.067,0.04c-7.74,7.759-7.72,20.328,0.04,28.067l222.72,222.105    L123.574,478.106c-7.759,7.74-7.779,20.301-0.04,28.061c3.883,3.89,8.97,5.835,14.057,5.835c5.074,0,10.141-1.932,14.017-5.795    l236.817-236.155c3.737-3.718,5.834-8.778,5.834-14.05S392.156,245.676,388.425,241.951z\"><\/path>\n<\/g>\n<\/g><\/svg><\/span>\n        <\/a>\n      <\/div>\n    <\/section>\n    <section class=\"u-clearfix u-grey-75 u-section-3\" id=\"sec-55e1\">\n      <div class=\"u-clearfix u-sheet u-sheet-1\">\n        <p class=\"u-text u-text-1\">\n          <font class=\"u-text-palette-3-light-1\" style=\"color: rgba(0, 0, 0, 0);\">Telefon:<\/font>\n          <a href=\"tel:06824-709997\" class=\"u-active-none u-border-none u-btn u-button-style u-hover-none u-none u-text-body-alt-color u-text-hover-palette-3-light-1 u-btn-1\">06824 \/ 709997<\/a>\n          <br>\n          <font class=\"u-text-palette-3-light-1\">Telefax:<\/font>\n          <a href=\"tel:06824-709998\" class=\"u-active-none u-border-none u-btn u-button-style u-hover-none u-none u-text-body-alt-color u-text-hover-palette-3-light-1 u-btn-2\">06824 \/ 709998<\/a>\n          <br>\n          <font class=\"u-text-palette-3-light-1\">E-Mail:<\/font>\n          <a href=\"mailto:info@rn-immobilien.eu\" class=\"u-active-none u-border-none u-btn u-button-style u-hover-none u-none u-text-body-alt-color u-text-hover-palette-3-light-1 u-btn-3\">info@rn-immobilien.eu<\/a>\n          <br>\n        <\/p>\n        <p class=\"u-text u-text-2\">\n          <font class=\"u-text-palette-3-light-1\">Adresse:&nbsp;<\/font>\n          <br>Am Hahnenberg 16&nbsp;<br>66564 Ottweiler\n        <\/p>\n      <\/div>\n    <\/section>\n    <section class=\"u-clearfix u-section-4\" id=\"block-1\">\n      <div class=\"u-clearfix u-sheet u-sheet-1\">\n        <div class=\"u-expanded-width u-form u-form-1\">\n          <form action=\"https:\/\/service.nicepagesrv.com\/form\/v4\/form-process\" class=\"u-clearfix u-form-spacing-10 u-form-vertical u-inner-form\" source=\"email\" name=\"form\" style=\"padding: 10px;\">\n            <div class=\"u-form-group u-form-select u-label-none u-form-group-1\">\n              <label for=\"select-e203\" class=\"u-label\">Liste<\/label>\n              <div class=\"u-form-select-wrapper\">\n                <select id=\"select-e203\" name=\"select\" class=\"u-input u-input-rectangle u-text-black\">\n                  <option value=\"Herr\" data-calc=\"\">Herr<\/option>\n                  <option value=\"Frau\" data-calc=\"\">Frau<\/option>\n                <\/select>\n                <svg class=\"u-caret u-caret-svg u-text-black\" version=\"1.1\" id=\"Layer_1\" xmlns=\"http:\/\/www.w3.org\/2000\/svg\" xmlns:xlink=\"http:\/\/www.w3.org\/1999\/xlink\" x=\"0px\" y=\"0px\" width=\"16px\" height=\"16px\" viewBox=\"0 0 16 16\" style=\"fill:currentColor;\" xml:space=\"preserve\"><polygon class=\"st0\" points=\"8,12 2,4 14,4 \"><\/polygon><\/svg>\n              <\/div>\n            <\/div>\n            <div class=\"u-form-group u-form-name u-label-none\">\n              <label for=\"name-390b\" class=\"u-label\">Name<\/label>\n              <input type=\"text\" placeholder=\"Name\" id=\"name-390b\" name=\"name\" class=\"u-input u-input-rectangle u-text-black\" required=\"\">\n            <\/div>\n            <div class=\"u-form-group u-label-none u-form-group-3\">\n              <label for=\"street-d269\" class=\"u-label\">Stra\u00dfe<\/label>\n              <input type=\"text\" placeholder=\"Stra\u00dfe \/ Hausnummer\" id=\"street-d269\" name=\"street\" class=\"u-input u-input-rectangle u-text-black\">\n            <\/div>\n            <div class=\"u-form-group u-label-none u-form-group-4\">\n              <label for=\"phone-ac75\" class=\"u-label\">Eingabe<\/label>\n              <input type=\"text\" placeholder=\"Postleitzahl\" id=\"phone-ac75\" name=\"PLZ\" class=\"u-input u-input-rectangle u-text-black\" required=\"required\" data-country-code=\"de\">\n            <\/div>\n            <div class=\"u-form-group u-label-none u-form-group-5\">\n              <label for=\"city-d269\" class=\"u-label\">Stadt<\/label>\n              <input type=\"text\" placeholder=\"Ort\" id=\"city-d269\" name=\"city\" class=\"u-input u-input-rectangle u-text-black\">\n            <\/div>\n            <div class=\"u-form-group u-form-phone u-label-none u-form-group-6\">\n              <label for=\"phone-7a10\" class=\"u-label\">Telefon<\/label>\n              <input type=\"tel\" pattern=\"\\+?\\d{0,3}[\\s\\(\\-]?([0-9]{2,3})[\\s\\)\\-]?([\\s\\-]?)([0-9]{3})[\\s\\-]?([0-9]{2})[\\s\\-]?([0-9]{2})\" placeholder=\"Gib deine Telefonnummer ein (z.B. +14155552675)\" id=\"phone-7a10\" name=\"phone\" class=\"u-input u-input-rectangle u-text-black\" required=\"\">\n            <\/div>\n            <div class=\"u-form-email u-form-group u-label-none\">\n              <label for=\"email-390b\" class=\"u-label\">E-Mail<\/label>\n              <input type=\"email\" placeholder=\"E-Mail\" id=\"email-390b\" name=\"email\" class=\"u-input u-input-rectangle u-text-black\" required=\"\">\n            <\/div>\n            <div class=\"u-form-group u-form-message u-label-none\">\n              <label for=\"message-390b\" class=\"u-label\">Nachricht<\/label>\n              <textarea rows=\"4\" cols=\"50\" id=\"message-390b\" name=\"message\" class=\"u-input u-input-rectangle u-text-black\" required=\"required\" placeholder=\"Nachricht\"><\/textarea>\n            <\/div>\n            <div class=\"u-form-checkbox u-form-group u-label-none u-form-group-9\">\n              <input type=\"checkbox\" id=\"checkbox-802d\" name=\"checkbox\" value=\"On\" class=\"u-field-input\" required=\"required\">\n              <label for=\"checkbox-802d\" class=\"u-field-label u-text-palette-1-base\"> Hiermit stimme ich ausdr\u00fccklich der Verarbeitung meiner personenbezogenen Daten gem\u00e4\u00df der Datenschutzerkl\u00e4rung zu (falls zutreffend, bitte mit ja beantworten)<\/label>\n            <\/div>\n            <div class=\"u-align-left u-form-group u-form-submit u-label-none\">\n              <a href=\"#\" class=\"u-border-none u-btn u-btn-submit u-button-style u-palette-1-base u-text-hover-grey-5 u-btn-1\">Absenden<\/a>\n              <input type=\"submit\" value=\"submit\" class=\"u-form-control-hidden\">\n            <\/div>\n            <div class=\"u-form-send-message u-form-send-success\"> Vielen Dank! Deine Nachricht wurde gesendet. <\/div>\n            <div class=\"u-form-send-error u-form-send-message\"> Deine Nachricht konnte nicht gesendet werden. Bitte behebe die Fehler und versuche es erneut. <\/div>\n            <input type=\"hidden\" value=\"\" name=\"recaptchaResponse\">\n            <input type=\"hidden\" name=\"formServices\" value=\"cae1df30-d663-108c-63d2-25eb3cad2ed8\">\n            <input type=\"hidden\" name=\"siteKey\" value=\"6LcQgVAsAAAAAPhfdaP3FODJFoO5sBbuDHs5CBk4\">\n          <\/form>\n        <\/div>\n      <\/div>\n    <\/section>\n    <section class=\"skrollable u-align-center u-clearfix u-container-align-center u-image u-parallax u-section-5\" id=\"anfahrt\" data-image-width=\"1600\" data-image-height=\"505\" style=\"background-image: url(&quot;https:\/\/rn-immobilien.eu\/wp-content\/uploads\/2026\/01\/50ecdc4be19b3ec06d74432b5c5a8f26.png&quot;);\">\n      <div class=\"u-clearfix u-sheet u-valign-middle-md u-sheet-1\">\n        <h1 class=\"u-text u-text-body-alt-color u-text-1\">Anfahrt<\/h1>\n        <div class=\"u-grey-light-2 u-map u-map-1\">\n          <div class=\"embed-responsive\">\n            <iframe class=\"embed-responsive-item\" src=\"\/\/maps.google.com\/maps?output=embed&amp;q=Am%20Hahnenberg%2016%2C%2066564%20Ottweiler&amp;z=15&amp;t=m\" data-map=\"JTdCJTIyYWRkcmVzcyUyMiUzQSUyMkFtJTIwSGFobmVuYmVyZyUyMDE2JTJDJTIwNjY1NjQlMjBPdHR3ZWlsZXIlMjIlMkMlMjJ6b29tJTIyJTNBMTUlMkMlMjJ0eXBlSWQlMjIlM0ElMjJyb2FkJTIyJTJDJTIybGFuZyUyMiUzQSUyMiUyMiU3RA==\"><\/iframe>\n          <\/div>\n        <\/div>\n      <\/div>\n    <\/section>\n    \n    \n    \n    \n  \n<\/div>","protected":false},"excerpt":{"rendered":"<p>Kontakt Hier k\u00f6nnen Sie mit uns Kontakt aufnehmen &nbsp;Anfahrt&nbsp; Telefon: 06824 \/ 709997 Telefax: 06824 \/ 709998 E-Mail: info@rn-immobilien.eu Adresse:&nbsp; Am Hahnenberg 16&nbsp;66564 Ottweiler Liste Herr Frau Name Stra\u00dfe Eingabe Stadt Telefon E-Mail Nachricht Hiermit stimme ich ausdr\u00fccklich der Verarbeitung meiner personenbezogenen Daten gem\u00e4\u00df der Datenschutzerkl\u00e4rung zu (falls zutreffend, bitte mit ja beantworten) Absenden Vielen [&hellip;]<\/p>\n","protected":false},"author":1,"featured_media":0,"parent":0,"menu_order":0,"comment_status":"closed","ping_status":"closed","template":"","meta":{"footnotes":""},"class_list":["post-33","page","type-page","status-publish","hentry"],"_links":{"self":[{"href":"https:\/\/rn-immobilien.eu\/index.php?rest_route=\/wp\/v2\/pages\/33","targetHints":{"allow":["GET"]}}],"collection":[{"href":"https:\/\/rn-immobilien.eu\/index.php?rest_route=\/wp\/v2\/pages"}],"about":[{"href":"https:\/\/rn-immobilien.eu\/index.php?rest_route=\/wp\/v2\/types\/page"}],"author":[{"embeddable":true,"href":"https:\/\/rn-immobilien.eu\/index.php?rest_route=\/wp\/v2\/users\/1"}],"replies":[{"embeddable":true,"href":"https:\/\/rn-immobilien.eu\/index.php?rest_route=%2Fwp%2Fv2%2Fcomments&post=33"}],"version-history":[{"count":9,"href":"https:\/\/rn-immobilien.eu\/index.php?rest_route=\/wp\/v2\/pages\/33\/revisions"}],"predecessor-version":[{"id":84,"href":"https:\/\/rn-immobilien.eu\/index.php?rest_route=\/wp\/v2\/pages\/33\/revisions\/84"}],"wp:attachment":[{"href":"https:\/\/rn-immobilien.eu\/index.php?rest_route=%2Fwp%2Fv2%2Fmedia&parent=33"}],"curies":[{"name":"wp","href":"https:\/\/api.w.org\/{rel}","templated":true}]}}